3. Let z be l(-11). What are the prime factors of (-634)/(-18) + 20/z?
5, 7
Suppose -3*o + 54 = -3*f - 24, -3*o + 70 = f. List the prime factors of o.
2, 3
Let g(v) = v + 13. What are the prime factors of g(12)?
5
Let k = -7 - -10. Let l(d) = 5*d + 2. Let a(u) = -15*u - 5. Let j(c) = k*a(c) + 8*l(c). List the prime factors of j(-2).
11
Suppose 0 = 3*v + 5*d + 8, 2*d = -4*v + 3*d + 20. Suppose t + 2*u + u = 21, -u - 32 = -v*t. List the prime factors of t.
3
Let p = 15 + -10. Suppose 59 + 126 = p*w. Suppose 4*n - 5*n + 2 = -3*g, n - w = -4*g. List the prime factors of n.
17
List the prime factors of (-4)/(-28) - 222/(-14).
2
Suppose 183 = 13*t - 10*t. List the prime factors of t.
61
Let k = 61 + 22. List the prime factors of k.
83
Suppose 77 = 5*d + 3*k, 1 = k - 3. Suppose -o + d = 3*g - 7*g, 0 = -2*o + 2*g + 56. What are the prime factors of -1 - o/(-6)*2?
2, 5
List the prime factors of 2*4/(-8)*-85.
5, 17
Let v = -2 + 3. Let z(i) = -2*i**2 - 11*i + 14. Let r(c) = c**2 + 4*c - 5. Let l(u) = 17*r(u) + 6*z(u). List the prime factors of l(v).
2, 3
Suppose -5*h + 150 = -0*h. List the prime factors of h.
2, 3, 5
Let x = -178 - -334. List the prime factors of x.
2, 3, 13
Suppose -5*o - 10 = 5*y, 2 = 3*o + 2*y + 3. Suppose -4*k = 2*g - 68, -o*g + 122 = g + k. Suppose -4*z - 3*w = -g, -w = w + 4. What are the prime factors of z?
3
Suppose -270 = -7*o + 2*o. Suppose 6*b = 3*b + o. What are the prime factors of b?
2, 3
Suppose -5*c = -0*c - 4*w - 195, w = 4*c - 145. Suppose 6*l - l = c. List the prime factors of l.
7
Let a(k) = -2*k + 3. Suppose 3*m - 4*m - 6 = 0. List the prime factors of a(m).
3, 5
Suppose v + 2*x - 5 = 0, -3*v + 5 = v + 5*x. Let b be v*((-12)/5)/(-3). Let f = b + 15. What are the prime factors of f?
11
Let y(k) = k**3 + 5*k**2 + k - 7. Let c be y(-5). Let v = 2 + -9. Let z = v - c. List the prime factors of z.
5
Suppose 0 = -5*h + 112 + 73. What are the prime factors of h?
37
Suppose 10 = z + 2. Suppose 2*m - 8 = z. List the prime factors of m.
2
Suppose j = 3*j + 5*l - 165, 0 = 5*l - 15. Suppose -2*z - 3*f = -z - 35, 3*z - f = j. What are the prime factors of z?
2, 13
Suppose 0 = 23*r - 19*r - 76. What are the prime factors of r?
19
Suppose 2 = v - 1, 2*k = 2*v + 556. List the prime factors of k.
281
Let l(w) be the second derivative of -w**3/3 - 5*w**2/2 - 2*w. List the prime factors of l(-5).
5
Let w(t) = -t**3 + 5*t**2 + 2*t - 6. Let z be w(5). Suppose -3*y = -z*a - 8, 5*a + 2 = 3*y - 5. What are the prime factors of y?
2
List the prime factors of 17 + 0 + -3 - -4.
2, 3
Let v(r) = r - 1. Let x be 1/3*-1*3. Let t(m) = -m**2 + 9*m + 4. Let d(a) = x*t(a) + 2*v(a). What are the prime factors of d(8)?
2
Let v(w) = 2*w**2 + w + 15. Let n(p) = -p**2 - p - 7. Let j(m) = -5*n(m) - 2*v(m). List the prime factors of j(-6).
23
Let o(z) = 17*z**2 - 5*z - 2. List the prime factors of o(-2).
2, 19
Let a(r) = 5*r + 13. What are the prime factors of a(5)?
2, 19
Let s = -15 + 13. List the prime factors of (7/2)/((-1)/s).
7
Suppose 0 = -w - 4*c, -c - 9 = -w - w. List the prime factors of w.
2
Let j(i) = 2*i**2 + i - 1. Let v be j(1). Suppose 5*l + 4*u = 0, -6*l + 4*u + 40 = -l. Suppose -l*m + 18 = -v*m. What are the prime factors of m?
3
Suppose -43*n = -37*n - 618. What are the prime factors of n?
103
Suppose -4*y + 2*y + 190 = 0. List the prime factors of y.
5, 19
Let f = 136 + -97. Suppose l - 4*h + f = 4*l, 3*l + 2*h - 39 = 0. Suppose -l = -4*r - 1. What are the prime factors of r?
3
Let l(x) = x + 2. Suppose -4*g = 2*v - 16, v + 5*g - 31 = 4*v. Let d be l(v). Let h(m) = -m**3 - m**2 - m + 2. What are the prime factors of h(d)?
2
Let z be 3 + 2/(-2) + 8. Let o(r) = r - 12. Let m be o(z). List the prime factors of ((-6)/(-9))/(m/(-42)).
2, 7
Suppose v = -1 + 4. Suppose 4 = v*w - 5. List the prime factors of w.
3
Let f(j) = -3*j - 8. Let z(g) = -2*g - 7. Let p(r) = -4*f(r) + 5*z(r). Let y be p(-3). What are the prime factors of -4*4/(24/y)?
2, 3
Let r(n) = 2*n + 4. Let m be r(-3). What are the prime factors of (0 - m*10)/1?
2, 5
Suppose -2*x + x = 6. Suppose -3*j + 2*y - 4 = 0, -2*j - 2*y - 4 = -3*y. Let l = j - x. What are the prime factors of l?
2
Suppose 3*j - 5*r = -31, 3*j + j = 5*r - 33. Let z(i) = -i**3 + 2*i**2 + 3*i + 3. List the prime factors of z(j).
13
Suppose -3*z + 11 = -13. What are the prime factors of (45/12 - 2)*z?
2, 7
Suppose 0 = 5*g - 9 - 1. Suppose -2*i = -g*n - 4 - 10, 3*i - 17 = 2*n. Suppose i*c - 3*f - 12 = 2*c, 0 = c + 2*f - 12. What are the prime factors of c?
2, 3
Suppose -244 = -5*c + 41. Let u = c - 17. List the prime factors of u.
2, 5
Suppose -5*l + 3*o + 42 + 0 = 0, -l - 10 = 4*o. Let h(z) = z**3 - 6*z**2 + z. What are the prime factors of h(l)?
2, 3
Suppose -5*f + 1 = 6. What are the prime factors of -4*(3/2)/f?
2, 3
Suppose 0 = -j - 0*j - 3. Let n = 2 + j. List the prime factors of (n/((-1)/22))/2.
11
List the prime factors of 12*(-4)/10*(-945)/168.
3
Let n = 159 + 1. List the prime factors of n.
2, 5
Let a = 8 + 19. Let q be 2/(-5) + a/5. List the prime factors of 1 + q/2*2.
2, 3
List the prime factors of 429/3 - (18/2)/(-3).
2, 73
Suppose 4*b + b = -3*i + 649, 0 = 4*i + 5*b - 857. What are the prime factors of i?
2, 13
Let l(d) = 5*d**3 + 3*d + 2. List the prime factors of l(3).
2, 73
Let n(p) = -9*p**3 + 2*p**2 - 1. Let x be n(1). Let l = x - -13. Suppose l*v - 2*v - 24 = 0. List the prime factors of v.
2
Let c(g) = 7*g - 3. Let y be c(3). Let t = 25 - y. Suppose a - t + 2 = 3*v, -5*a = 3*v - 115. List the prime factors of a.
2, 5
Suppose 4*i - 6 - 6 = 0. Suppose 2*y + 5*l = 40, 0*y = 2*y - 5*l - 40. Suppose -2*v = -i*v + y. What are the prime factors of v?
2, 5
Suppose 0 = -6*y + 2*y. Suppose 0 = -2*p - v + 2*v + 95, y = -p - v + 55. Suppose 6 = -4*x + p. What are the prime factors of x?
11
Let k(g) = g**3 + 2*g**2 - 4*g - 3. Let m be k(-3). Suppose 6*j - 3*j - 15 = m. Suppose 0 = 3*f - 6 - 0, -69 = -j*s - 2*f. List the prime factors of s.
13
Let f(q) = 2*q + 6. Let j be f(-5). Let y be 14/j - 3/6. Let h = 9 + y. List the prime factors of h.
5
Let d(c) = 1 + 2 - 2 + 4*c. Let w be d(1). Suppose -5*g = w*b - 35, 0*b + 5*b = -g + 27. List the prime factors of b.
5
Let f = -138 + 245. What are the prime factors of f?
107
Suppose 4*i - 8*i + 40 = 0. Suppose -2*k + 7*k + i = 0, 3*t - 46 = 5*k. What are the prime factors of t?
2, 3
Let t be 0 + 528/(-3) - -2. List the prime factors of ((-3)/9)/(2/t).
29
Suppose o - 3 = -1. Let l = 28 + o. What are the prime factors of l?
2, 3, 5
Suppose 10*h - 56 = 4. What are the prime factors of h?
2, 3
Suppose 3*o + 0*o + s = 48, 4*s = 2*o - 18. Suppose 4*f - 7*f + o = 2*k, -4*k - 5 = f. Suppose f*t - 40 = 2*t. List the prime factors of t.
2
Suppose 0 = -2*b - s + 1 + 2, -4*s - 20 = 0. Suppose -b = w, p - 3*p = 4*w - 56. Let d = 51 - p. What are the prime factors of d?
3, 5
Let d = 7 - 8. Let l = d - -4. Suppose 3*z + 2*h - 42 = -0*z, -l*h = -5*z + 89. What are the prime factors of z?
2
What are the prime factors of (-3)/(12/(-28))*3?
3, 7
Let o be (2/2)/(7/(-14)). What are the prime factors of ((-259)/o)/(-7)*-2?
37
Suppose -3*s - 2*c = -0*c - 26, 2*s - 26 = 3*c. Let a be 14/10 + (-4)/s. Let t = 3 - a. List the prime factors of t.
2
Suppose 18 = 4*n - 3*u, -n + 4*u = 3*n - 16. Suppose -3*c + n*c = 2*r - 29, 0 = -2*r + 5*c + 31. What are the prime factors of r?
13
Suppose 4*j - 25 = -1. Suppose -58 = 4*n - j*n. List the prime factors of n.
29
Suppose 0 = 3*m - 1 - 50. What are the prime factors of m?
17
Let q = -6 - -6. Let i be -8 + (-2)/6*q. Let w = i - -12. List the prime factors of w.
2
Let c = -118 - -207. List the prime factors of c.
89
Suppose 2*l + 11 = 5*p, 3*l + 6 = -3*p - 0*p. Let z be 0/(-4) + (-2 - p). What are the prime factors of (-1)/((6/8)/z)?
2
Let w = 131 + -124. List the prime factors of w.
7
Let q(a) = a**3 + 4*a**2 - 6*a + 8. List the prime factors of q(5).
7, 29
Suppose 0 = 2*z - 5*w - 28, 3*z - 67 = -w - 8. What are the prime factors of z?
19
Let c(f) = f**2 - f - 1. Let l be c(0). Let q(u) = -5*u + 1. What are the prime factors of q(l)?
2, 3
Let o(i) = -6*i + 2*i + 5 + 2*i - 9*i**2 - i**3. Let t be o(-7). What are the prime factors of t/(-7) + 4/(-14)?
11
Let o(z) be the second derivative of z**4/12 - z**3/2 - 3*z. Let m be o(3). Suppose 3*d + 3*r - 